{"version":"1.0","type":"rich","provider_name":"Paroisse\u003Cbr \/\u003ESaint-Fran\u00e7ois-de-Sales\u003Cbr \/\u003ECath\u00e9drale","provider_url":"https:\/\/chambery-cathedrale.paroisse73.fr","title":"Rando des papas d&#8217;un enfant malade ou handicap\u00e9","author_name":"Edith Froger","width":"480","height":"295","url":"https:\/\/chambery-cathedrale.paroisse73.fr\/Balade-des-papas-d-un-enfant-malade-ou-handicape.html","html":"\u003Ch4 class='title'\u003E\u003Ca href='https:\/\/chambery-cathedrale.paroisse73.fr\/Balade-des-papas-d-un-enfant-malade-ou-handicape.html'\u003ERando des papas d&#8217;un enfant malade ou handicap\u00e9\u003C\/a\u003E\u003C\/h4\u003E\u003Cblockquote class='spip'\u003E\n\u003Cp\u003EL\u2019\u00e9quipe dioc\u00e9saine de la pastorale de la sant\u00e9 organise en partenariat avec l\u2019OCH (Office chr\u00e9tien des personnes handicap\u00e9es) une &#171;&nbsp;rando&nbsp;&#187; des papas d\u2019un enfant malade ou handicap\u00e9, pilot\u00e9e par le diacre chamb\u00e9rien Christian Ferroud-Plattet&nbsp;: \n\nSamedi 3&nbsp;octobre 2026 autour de Myans&nbsp;: journ\u00e9e ouverte \u00e0 tous, croyants ou non. \n\nRendez-vous \u00e0 9 h autour de Myans. Le lieu sera pr\u00e9cis\u00e9 ult\u00e9rieurement. \n\nMatin&nbsp;: 2 h de marche - 30 min de partage \n\n12 h&nbsp;: pique nique \n\nVisite du sanctuaire de&nbsp;(\u2026)\u003C\/p\u003E\n\u003C\/blockquote\u003E\n"}

Paroisse<br />Saint-François-de-Sales<br />Cathédrale

Rando des papas d&#8217;un enfant malade ou handicapé

<h4 class='title'><a href='https://chambery-cathedrale.paroisse73.fr/Balade-des-papas-d-un-enfant-malade-ou-handicape.html'>Rando des papas d&#8217;un enfant malade ou handicapé</a></h4><blockquote class='spip'>
<p>L’équipe diocésaine de la pastorale de la santé organise en partenariat avec l’OCH (Office chrétien des personnes handicapées) une &#171;&nbsp;rando&nbsp;&#187; des papas d’un enfant malade ou handicapé, pilotée par le diacre chambérien Christian Ferroud-Plattet&nbsp;: 

Samedi 3&nbsp;octobre 2026 autour de Myans&nbsp;: journée ouverte à tous, croyants ou non. 

Rendez-vous à 9 h autour de Myans. Le lieu sera précisé ultérieurement. 

Matin&nbsp;: 2 h de marche - 30 min de partage 

12 h&nbsp;: pique nique 

Visite du sanctuaire de&nbsp;(…)</p>
</blockquote>
